 49. What is the remainder when 85 is divided by r?
27
Suppose -s - 3*x - 1 = -2*s, -3*s - x = -13. Suppose 1 = 4*k - 19. Suppose k = 15*b - 14*b. Calculate the remainder when b is divided by s.
1
What is the remainder when 87 is divided by -3 - ((-4)/6)/((-4)/(-78))?
7
Suppose 0 = 3*k + 6, -3*w + 5*k + 531 = 2*k. What is the remainder when w is divided by 44?
43
Suppose -5*i + 187 = -33*k + 37*k, -4*k = -i - 169. What is the remainder when 124 is divided by k?
38
Let u = 91 - 81. What is the remainder when 128 is divided by u?
8
Suppose -19 = 19*q - 57. Calculate the remainder when 88 is divided by q.
0
Suppose -4*z - z = -50. Suppose -12*p = -z*p - 54. Calculate the remainder when 51 is divided by p.
24
Suppose -f = -13*f + 132. What is the remainder when 95 is divided by f?
7
Let v = -53 - -53. Suppose v = d + 11 - 74. What is the remainder when d is divided by 11?
8
Suppose -5*o + 33 = 6*o. Suppose -z = -o*b - 55, 4*z + z - 303 = b. What is the remainder when z is divided by 13?
9
Let b(g) = 14*g**2 - 6*g + 29. Calculate the remainder when b(7) is divided by 9.
7
Let j = -14 - -20. Let o = 8 + j. Calculate the remainder when o is divided by 5.
4
Let s = 51 + -7. Calculate the remainder when s is divided by 27.
17
Let d = 173 + -154. Calculate the remainder when 1290 is divided by d.
17
Suppose 5*x + 1694 = 19*x. Calculate the remainder when x is divided by 18.
13
Let a(r) = -r**3 + r**2 + r - 7. Let z be a(0). Let o = z - -14. Calculate the remainder when 27 is divided by o.
6
Let n = 40 + -36. Suppose -2*s - 3*s + 135 = 0. What is the remainder when s is divided by n?
3
Let b = -3 - -16. Suppose g + 0*g - 5 = 0. Suppose 3*n = 12, -g*r + n + 246 = -0*n. Calculate the remainder when r is divided by b.
11
Let n be -1 + 15 - 2 - 2. Suppose -2*k - 3*f + n = 0, 2*k = 6*k - 4*f. Let c = 386 + -383. What is the remainder when c is divided by k?
1
Let s = -479 - -530. What is the remainder when 185 is divided by s?
32
Let v(q) = -5*q - 1. Suppose d = -2*p + 10 + 1, 5*p - d = 24. Suppose 10 = 5*o - p*s, -4*o + 3*s + 3 = -2. Calculate the remainder when 5 is divided by v(o).
1
Let r = 95 + -52. Let l = r + -28. What is the remainder when 43 is divided by l?
13
What is the remainder when (1 - (25 - (-1 + 2)))/(-1) is divided by -3*1*13/(-3)?
10
Suppose 71 - 271 = -4*h. Calculate the remainder when 117 is divided by h.
17
Suppose 3*l = u - 13, 4*u + 4 = 2*l - 4. Let i be 4/l - 328/12. What is the remainder when 49 is divided by 64/6 + i/42?
9
Suppose 2*a = 2*r - 8, -5*r + 1 = -a - 23. Suppose -2*w = -2*p + 3*w + 49, -5*w = r*p - 35. Calculate the remainder when p is divided by 4.
0
Suppose 11*o = -12*o + 1012. Calculate the remainder when o is divided by 16.
12
Suppose 0 = -j - a + 61, 3*j - 155 = 3*a + a. Let s = j + -43. Calculate the remainder when 41 is divided by s.
13
What is the remainder when 545 is divided by -6*(-6)/(-48)*-12?
5
Suppose 0 = 10*g - 881 + 11. What is the remainder when g is divided by 31?
25
Let p = -132 + 60. Let q = p - -81. What is the remainder when 29 is divided by q?
2
Suppose 3*b = b + 8. Suppose 10 = n - b. Calculate the remainder when -9*2/(-15)*45 is divided by n.
12
Let q = 6 + -5. What is the remainder when 53 is divided by 13 - q*(-4 + 3)?
11
Suppose 5*f - 100 = -0*f. Suppose f = -o - h, 103 - 31 = -3*o + h. Let q = o - -61. Calculate the remainder when q is divided by 10.
8
Suppose -16 = -2*u - 0. Suppose -21*q - 139 = -5*c - 20*q, -3*q = 4*c - 115. What is the remainder when c is divided by u?
4
Suppose o - 2*f - 26 = -0*f, -5*o - 5*f + 85 = 0. Let l be (-6 + 3 - 1) + -3. Let v = l + o. Calculate the remainder when 21 is divided by v.
8
Let h = -1859 - -2157. Calculate the remainder when h is divided by 15.
13
Suppose -5113 = -86*l - 1071. What is the remainder when l is divided by 8?
7
Let a(n) = n**3 + 13*n**2 + 10*n + 8. Calculate the remainder when a(-12) is divided by 28.
4
Suppose 2 = t - 0. Suppose 2*n + 18 = 2*x - 8, 60 = 4*x - t*n. Calculate the remainder when 43 is divided by x.
9
Let w be 2/(-2 - 41/(-20)). Let a be 2/(-10) - (-4328)/w. Suppose -a = -3*p + r, 2*p - r - 44 = 28. Calculate the remainder when p is divided by 13.
10
Let u be (-285)/(-9) + 2/6. Let j be u/15 + 8/(-60). Suppose -3*k + 22 = -4*z, -j*z + 7 = 5*k - 21. Calculate the remainder when 11 is divided by k.
5
Let a be (-66)/(-14) + 14/49. Suppose 0 = -4*g + 8, -u = 4*u + a*g - 100. Calculate the remainder when u is divided by (28/6)/((-6)/(-9)).
4
Let i = 105 - 98. What is the remainder when 22 is divided by i?
1
Let z(v) = -v**2 + 13*v - 22. What is the remainder when -1 + 83 + (-14)/7 is divided by z(4)?
10
Let c(q) = -6*q - 18. Let u(y) = -y**3 - 2*y**2 + 2*y + 4. Let s be u(2). What is the remainder when 117 is divided by c(s)?
27
Suppose 12*k - 122 = -2. Calculate the remainder when 129 is divided by k.
9
Suppose 0*g - 4*g + 168 = -2*y, -g - 2*y = -42. Calculate the remainder when 76 is divided by g.
34
Let h be (-6*1)/(-3) + 8. Suppose -3*b + h = 1. Calculate the remainder when 9 is divided by b.
0
Let z = 403 + -387. What is the remainder when 63 is divided by z?
15
Suppose -4*l = -3*c - 306, -5*c = -2*l - 3*c + 152. Let m be 6/(-9) - (-56)/3. Calculate the remainder when l is divided by m + 0 + -4 + 2.
14
Suppose -4*v - 4*g = -196 - 480, 16 = 4*g. Let c = 5 - -3. Suppose 5*d = c*d - v. Calculate the remainder when d is divided by 14.
13
What is the remainder when 29 is divided by 69/46*(4 - -6)?
14
Suppose -4*v = h + 10, -3*h + 4*v + 12 = 2*v. Suppose -3 = h*b - 9. What is the remainder when ((-12)/9)/(4/(-30)) is divided by b?
1
Suppose 3*j + 0*j - 6 = 0. What is the remainder when 22 is divided by (1 - -11)*(3 - j)?
10
Let r be (3*-1)/(15/(-10)). Suppose -5*d = -2*q + 73, 3*d = -q + 18 + r. What is the remainder when q is divided by 16?
13
Suppose 3*b - 65 = -5*g, 5*b - 45 = -4*g + 46. Suppose b*n - 8*n = 98. Calculate the remainder when 55 is divided by n.
13
Suppose 42 = 62*p - 206. What is the remainder when 22/5 + 2/(-5) is divided by p?
0
Let y = -359 - -406. What is the remainder when 136 is divided by y?
42
Let y = 21 - 12. Calculate the remainder when (202/(-14) - -7)*-7 is divided by y.
7
Suppose 0 = 2*i - 6 - 6. Let c(l) = -2*l + 1. Let s be c(-2). Calculate the remainder when 7 is divided by 2/(i/45*s).
1
Let n(d) = -d**2 + 5*d + 2. Let r be n(3). Let b = r + -1. What is the remainder when 6/27 - (-176)/18 is divided by b?
3
Let z be 1/(-5) + 22/10. Suppose -l = -z - 14. What is the remainder when 60 is divided by l?
12
Let b = -44 + 62. Suppose -n - 3*s + b = -7*s, 3*n + s = 15. Suppose 6*z = 2*z + 92. What is the remainder when z is divided by n?
5
Let a be 0/(-17)*1/(-1). Suppose a*m - m + 16 = 0. Calculate the remainder when 61 is divided by m.
13
Let i(t) be the second derivative of t**4/12 + t**3/6 + 20*t. What is the remainder when 33 is divided by i(-4)?
9
Suppose 0 = -9*g + 5*g + 420. What is the remainder when g is divided by 25?
5
Let s(y) = 2*y**3 + 15*y**2 + 6*y + 9. Let n(z) = z**2 + 3*z + 2. What is the remainder when s(-7) is divided by n(-5)?
4
Suppose -4*s + 21 = 5. Suppose 0 = s*p - 6 - 54. Suppose 52 = 5*b + 8*b. Calculate the remainder when p is divided by b.
3
Suppose -5*b + 1 = -14. Suppose -2*x - 11 = 3*l, 0*x + l + b = -x. Suppose -5*c = 3*j - 129, -c = x*j - 6*c - 61. What is the remainder when j is divided by 13?
12
Let w be (37/(-2))/(2/(-12)). Suppose 5*o - 420 = -4*j + w, 3*j + o - 401 = 0. Suppose 13*d = 685 - 243. Calculate the remainder when j is divided by d.
32
Let y be 6/(5*4/20). Suppose 82 = y*g - 38. Calculate the remainder when 79 is divided by g.
19
Suppose 0 = -14*k + 40*k - 312. What is the remainder when 94 is divided by k?
10
Let l(o) = -o**3 - 2*o**2 + 7*o - 2. Let c be l(-4). Suppose 3*d = -c + 8. Calculate the remainder when 2 is divided by d.
0
What is the remainder when (774/15)/((-33)/(-55)) is divided by 76?
10
Let g(n) = -107*n + 9. Let j(y) = -27*y + 2. Let r(z) = 2*g(z) - 9*j(z). Let k be r(-13). Calculate the remainder when (1 - 0)/((-13)/k) is divided by 15.
14
Let k(a) = 21*a - a + 3 + a - 2. Let s be k(-1). What is the remainder when (-3 - 1) + (4 - s) is divided by 12?
8
Suppose -4*q = -q + m - 55, 33 = q + 4*m. Let n = -10 + q. What is the remainde